**2 + 20*h - 23. Calculate a(22).
-67
Let c(g) = -g**3 - 21*g**2 + 131*g + 30. Determine c(-26).
4
Let a(f) = 3*f**3 + 5*f**2 + 11*f - 8. Give a(-3).
-77
Let a(n) = -1192*n - 2404. Determine a(-2).
-20
Let x(n) = -20*n**2 + 375*n + 102. What is x(19)?
7
Let p(h) = -4*h**2 - 31*h - 59. Determine p(-17).
-688
Let o(l) = -l**3 - 31*l**2 + 40*l + 84. What is o(-32)?
-172
Let n(t) = 7*t**2 + 17*t - 73. What is n(6)?
281
Let k(w) = 210*w**3 + w**2 - 30*w - 29. Calculate k(-1).
-208
Let c(z) = -z**3 - 19*z**2 - 21*z + 53. Give c(-17).
-168
Let l(m) = 27*m + 752. Give l(-25).
77
Let s(o) = o**3 + 7*o**2 + 83*o + 714. Calculate s(-8).
-14
Let i(c) = 38*c**3 + 2*c**2 - 50*c + 49. Give i(1).
39
Let s(x) = -137*x - 424. Determine s(-3).
-13
Let a(k) = -k**2 + 141*k - 1781. Calculate a(128).
-117
Let p(c) = c**2 + 1120*c - 3375. What is p(3)?
-6
Let o(j) = -15*j + 852. Determine o(55).
27
Let l(w) = -1418*w + 4243. Calculate l(3).
-11
Let j(g) = g**3 + 64*g**2 + 266*g + 1563. Give j(-60).
3
Let d(p) = p**2 - 3*p + 4. What is d(3)?
4
Let m(b) = -b**3 + 25*b**2 + 53*b - 91. Give m(27).
-118
Let y(x) = 6*x**3 - 6*x**2 + 25*x + 120. Calculate y(-4).
-460
Let r(y) = -y**3 + 3*y**2 + 42*y + 16. Calculate r(9).
-92
Let z(y) = y**3 - 25*y**2 - 16*y - 258. Give z(26).
2
Let p(q) = -q**3 - 8*q**2 + 15*q - 9. Determine p(-9).
-63
Let c(d) = -33*d - 132. Determine c(-4).
0
Let b(k) = -2*k**3 - 34*k**2 + 4*k - 2. Calculate b(-3).
-266
Let l(o) = -o**3 + 16*o**2 + 304*o - 4861. Calculate l(16).
3
Let q(i) = i**3 + 41*i**2 + 83*i + 8. Calculate q(-39).
-187
Let g(j) = 2*j**2 + 44*j - 259. What is g(-28)?
77
Let o(j) = -j**3 + 17*j**2 - 7*j + 34. What is o(17)?
-85
Let b(k) = 2*k**2 - 7*k - 35. Determine b(-5).
50
Let v(p) = 41*p + 86. Calculate v(-2).
4
Let k(o) = -6*o**2 + 118*o + 2687. Give k(33).
47
Let d(s) = -s**2 + 30*s + 69. Calculate d(32).
5
Let y(l) = -l**3 + 31*l**2 + 112*l - 318. Determine y(34).
22
Let r(o) = 5*o**2 - 323*o + 478. Give r(63).
-26
Let j(h) = 7*h**3 - 216*h**2 - 507*h + 394. What is j(33)?
-2
Let c(g) = -2528*g - 9. What is c(0)?
-9
Let r(z) = 2*z**2 - 5*z - 706. Give r(20).
-6
Let a(m) = 243*m + 985. Determine a(-4).
13
Let o(c) = -14*c - 38. What is o(2)?
-66
Let k(h) = 47*h - 542. Determine k(12).
22
Let q(c) = -1254*c + 13818. Calculate q(11).
24
Let z(m) = 7*m + 755. Give z(-99).
62
Let v(s) = -10*s + 56. What is v(4)?
16
Let s(v) = -8*v**2 + 119*v + 230. Determine s(17).
-59
Let p(a) = -18*a + 222. Determine p(25).
-228
Let s(q) = -784*q - 4702. Calculate s(-6).
2
Let l(m) = -2*m + 54. Calculate l(14).
26
Let s(l) = -13*l - 436. Determine s(-25).
-111
Let u(s) = -s**2 + 70*s + 1054. Calculate u(83).
-25
Let u(a) = 62*a + 41. What is u(-1)?
-21
Let f(i) = i**3 + i**2 - 6*i - 11. Determine f(0).
-11
Let j(w) = -1604*w - 3214. What is j(-2)?
-6
Let f(j) = j**3 - 16*j**2 + 25*j - 12. Determine f(15).
138
Let w(z) = -378*z + 141. What is w(1)?
-237
Let f(i) = -57*i + 56. What is f(-1)?
113
Let a(v) = -151*v + 2748. Calculate a(18).
30
Let m(d) = 2*d + 177. What is m(-38)?
101
Let f(y) = -y**3 - 52*y**2 - 35*y + 788. What is f(-51)?
-28
Let l(j) = -13975*j + 41917. Calculate l(3).
-8
Let x(k) = -k**3 + 28*k**2 - 30*k + 234. Determine x(27).
153
Let n(p) = -p**3 - 16*p**2 + 5*p - 114. Determine n(-16).
-194
Let s(m) = 2*m**2 + 13*m + 19. What is s(-2)?
1
Let w(v) = -3*v**3 + 4*v**2 - 4411*v + 8826. What is w(2)?
-4
Let a(p) = 724*p - 29690. Calculate a(41).
-6
Let x(w) = 2*w**2 - 71*w - 29. Determine x(36).
7
Let u(t) = 5*t**3 - 103*t**2 - 36*t - 45. Calculate u(21).
81
Let s(z) = -31*z**2 - 222*z + 208. Give s(-8).
0
Let s(x) = 274*x**3 - x**2 - x - 1. Give s(-1).
-275
Let x(z) = -z**3 + 7*z**2 - 4*z - 33. What is x(8)?
-129
Let h(u) = -7*u + 202. Give h(37).
-57
Let h(p) = -p**2 + 22*p - 54. Give h(3).
3
Let d(a) = a**3 - 47*a**2 + 88*a + 130. Give d(45).
40
Let y(q) = -3*q**2 + q + 167. Determine y(9).
-67
Let y(j) = 2*j**2 + 2*j - 1. What is y(4)?
39
Let j(g) = 271*g**2 + 23*g - 22. Give j(1).
272
Let f(c) = c**3 + 28*c**2 - 30*c - 15. Give f(-29).
14
Let w(n) = 13*n**2 - 165*n + 154. Give w(1).
2
Let i(g) = 3*g**2 - 9*g - 17. Give i(6).
37
Let w(z) = 2*z**2 - 39*z + 59. Calculate w(19).
40
Let i(l) = -11*l**3 + 3*l**2 - l + 7. Determine i(-3).
334
Let q(a) = -2*a**3 + 43*a**2 + 26*a - 24. Calculate q(22).
64
Let m(s) = -5887*s - 23543. Determine m(-4).
5
Let t(q) = 5*q**2 - 10*q + 86. Determine t(8).
326
Let p(z) = -2089*z - 12541. Give p(-6).
-7
Let u(g) = g**3 + 11*g**2 - 11*g - 42. Determine u(-6).
204
Let x(y) = -2168*y - 86726. Give x(-40).
-6
Let h(d) = 2*d**2 + 278*d + 9304. Determine h(-83).
8
Let q(t) = 56*t**2 - 321*t + 639. Determine q(2).
221
Let d(m) = -12*m**2 + 114*m - 141. Give d(8).
3
Let g(l) = l**2 - 1267*l - 5. What is g(0)?
-5
Let t(s) = 78*s - 3827. What is t(49)?
-5
Let q(p) = -364*p - 2038. Determine q(-6).
146
Let k(h) = -233*h + 1306. Determine k(6).
-92
Let h(k) = -3365*k - 10111. Calculate h(-3).
-16
Let z(s) = 2*s**3 - 90*s**2 + 92*s - 188. Determine z(44).
-12
Let t(k) = -k**3 + 26*k**2 + 194*k - 17. What is t(-6)?
-29
Let b(h) = -29*h - 386. Determine b(-13).
-9
Let h(j) = -36*j**3 - 7*j**2 - j + 3. Calculate h(2).
-315
Let i(w) = -57*w - 960. What is i(-17)?
9
Let y(w) = -3*w**3 - 21*w**2 - 36*w - 5. Give y(-3).
-5
Let q(w) = -27*w - 521. What is q(-4)?
-413
Let q(d) = -7*d**2 - 168*d + 16. Give q(-24).
16
Let a(h) = -109*h**2 - 1845*h + 129. Give a(-17).
-7
Let x(j) = 5*j**3 - 52*j**2 - 21*j - 131. Give x(11).
1
Let p(z) = 2*z**3 + 19*z**2 - 4*z + 5. Determine p(-10).
-55
Let p(h) = -35*h - 118. What is p(-14)?
372
Let g(j) = 6*j + 32. Determine g(-4).
8
Let m(x) = -x**2 + x + 142. What is m(-10)?
32
Let h(g) = -23*g**2 - 669*g + 3910. What is h(5)?
-10
Let j(b) = b**2 - 9*b - 169. Determine j(27).
317
Let y(r) = 56*r - 2176. Give y(40).
64
Let s(z) = -71*z + 1846. Calculate s(26).
0
Let o(c) = -c**3 + 9*c - 21. Calculate o(-7).
259
Let z(n) = 653*n - 7153. What is z(11)?
30
Let z(r) = r**3 + 104*r**2 - 262*r - 5310. Give z(-106).
-10
Let b(t) = -t**3 - 6*t**2 + 29*t + 16. Calculate b(-9).
-2
Let r(t) = -t + 50. Give r(30).
20
Let v(p) = -6*p**2 + 2*p - 10. Calculate v(4).
-98
Let c(b) = -78*b - 301. Give c(-3).
-67
Let n(o) = o**3 - 17*o**2 - 11*o - 195. Calculate n(18).
-69
Let a(g) = 2*g**2 + 59*g + 457. What is a(-19)?
58
Let x(j) = -2*j**2 - 11*j - 5. What is x(-4)?
7
Let s(j) = j**3 - 7*j**2 - 5*j + 19. Give s(7).
-16
Let w(u) = -4*u**2 - 18*u + 66. What is w(-7)?
-4
Let y(d) = 4*d**3 + d**2 + 6*d - 12. What is y(3)?
123
Let a(v) = 2*v**2 - 27*v + 54. Give a(11).
-1
Let f(c) = -c**3 - 22*c**2 - 86*c + 23. Give f(-13).
-380
Let d(q) = -981*q + 8833. Give d(9).
4
Let b(v) = -4*v**2 + 401*v + 300. What is b(101)?
-3
Let d(y) = y**3 + 8*y**2 + 23*y + 440. What is d(-10)?
10
Let z(x) = -2*x**3 - 6*x**2 + 4*x + 9. Give z(-2).
-7
Let a(m) = -32*m**2 - m + 3. What is a(2)?
-127
Let v(b) = 425*b + 69710. Give v(-164).
10
Let u(y) = y**2 - 12*y - 52. Give u(15).
-7
Let u(v) = -v**2 - 98*v + 1706. What is u(-113)?
11
Let t(l) = -3*l**2 + 26*l + 749. What is t(-12)?
5
Let n(j) = -46*j + 460. Determine n(6).
184
Let s(x) = -48*x + 349. Give s(0).
349
Let h(f) = f**3 - 9*f**2 + 17*f - 19. Determine h(5).
-34
Let z(x) = 57*x**3 - 6*x**2 + x + 3. Determine z(-1).
-61
Let r(k) = -2*k**2 + 33*k - 210. What is r(18)?
-264
Let j(d) = 81*d - 4553. Give j(56).
-17
Let r(n) = -7738*n + 147016. Give r(19).
-6
Let o(p) = 5*p**2 - 29*p - 93. Give o(8).
-5
Let i(y) = -49*y + 379. Determine i(9).
-62
Let l(k) = -12*k**3 + 182*k**2 - 41*k + 163. Give l(15).
-2
Let d(t) = -35*t - 1477. Calculate d(-42).
-7
Let d(m) = -154*m**2 - 3074*m + 119. Calculate d(-20).
-1
Let m(v) = -9*v - 91. Give m(-8).
-19
Let w(m) = -4205*m + 4193. Determine w(1).
-12
Let m(v) = 2*v**3 - 95*v**2 + 52*v - 237. Give m(47).
-2
Let d(y) = 1792*y - 26876. What is d(15)?
4
Let a(i) = -34*i**2 - 8*i + 17. Calculate a(2).
-135
Let h(z) = 2*z**2 - 186*z - 9274. Calculate h(-36).
14
Let l(s) = -s**3 - 31*s**2 + 358*s + 89. Determine l(-40).
169
Let a(i) = i - 55. Give a(-20).
-75
Let r(l) = l**3 - 8*l**2 + 31*l - 136. Give r(5).
-56
Let a(d) = 11*d**3 + 2*d**2 + 5. Determine a(-4).
-667
Let t(i) = -4*i**2 + 104*i - 260. Give t(21).
160
Let r(t) = -47*t + 29